 base 14
-2
Convert 0 (base 4) to base 6.
0
What is 32 (base 10) in base 15?
22
101 (base 3) to base 10
10
What is 0 (base 14) in base 9?
0
What is -12 (base 3) in base 7?
-5
Convert 1d (base 14) to base 16.
1b
1 (base 8) to base 6
1
What is 0 (base 3) in base 5?
0
Convert -1d (base 15) to base 6.
-44
What is -1 (base 12) in base 10?
-1
What is -14 (base 7) in base 2?
-1011
What is 36 (base 9) in base 6?
53
0 (base 15) to base 8
0
What is -2 (base 12) in base 4?
-2
Convert -8 (base 11) to base 14.
-8
What is -2 (base 16) in base 15?
-2
Convert -2 (base 12) to base 14.
-2
What is -525 (base 6) in base 9?
-238
What is 51 (base 13) in base 10?
66
17 (base 13) to base 15
15
What is -14 (base 7) in base 9?
-12
Convert -9 (base 15) to base 16.
-9
12 (base 11) to base 8
15
Convert 0 (base 4) to base 13.
0
What is -2 (base 4) in base 14?
-2
1 (base 5) to base 13
1
What is -2 (base 12) in base 4?
-2
What is -2 (base 14) in base 12?
-2
Convert 5 (base 6) to base 14.
5
What is -3 (base 5) in base 10?
-3
-2 (base 10) to base 4
-2
Convert -12 (base 6) to base 5.
-13
-2a (base 16) to base 10
-42
-2 (base 4) to base 5
-2
What is -2 (base 4) in base 8?
-2
What is -10000000 (base 2) in base 11?
-107
What is 12 (base 4) in base 3?
20
What is -32 (base 5) in base 7?
-23
Convert 2 (base 15) to base 9.
2
What is -3a (base 13) in base 9?
-54
What is a (base 13) in base 3?
101
4 (base 5) to base 16
4
What is 3 (base 7) in base 5?
3
0 (base 2) to base 6
0
What is 3 (base 4) in base 16?
3
-4 (base 8) to base 15
-4
Convert -1 (base 11) to base 13.
-1
-11 (base 13) to base 3
-112
11 (base 3) to base 7
4
What is 3223 (base 4) in base 10?
235
a (base 14) to base 6
14
-4 (base 12) to base 6
-4
What is -1 (base 16) in base 15?
-1
e (base 16) to base 2
1110
What is 5 (base 13) in base 3?
12
10 (base 10) to base 15
a
What is 242 (base 13) in base 12?
288
Convert 100110111 (base 2) to base 5.
2221
17 (base 10) to base 13
14
What is -3 (base 10) in base 4?
-3
Convert -110 (base 8) to base 9.
-80
Convert 32 (base 6) to base 2.
10100
Convert 20 (base 5) to base 4.
22
What is -2021 (base 3) in base 7?
-115
What is 14 (base 11) in base 7?
21
Convert -10 (base 6) to base 2.
-110
-13 (base 8) to base 16
-b
What is 1 (base 8) in base 15?
1
What is 3 (base 16) in base 11?
3
Convert 46 (base 7) to base 11.
31
Convert 102 (base 5) to base 2.
11011
What is -143 (base 5) in base 7?
-66
What is 7 (base 10) in base 14?
7
-22100 (base 3) to base 12
-169
Convert -1 (base 15) to base 11.
-1
1 (base 5) to base 14
1
Convert 201 (base 6) to base 10.
73
24 (base 13) to base 9
33
What is 4c (base 14) in base 7?
125
18 (base 10) to base 15
13
Convert -7 (base 9) to base 11.
-7
What is 4 (base 9) in base 14?
4
What is -3a (base 13) in base 10?
-49
Convert 2211 (base 3) to base 2.
1001100
Convert -2 (base 5) to base 13.
-2
What is -a (base 16) in base 3?
-101
What is 1 (base 6) in base 9?
1
Convert 5 (base 6) to base 4.
11
Convert 1 (base 14) to base 12.
1
27 (base 8) to base 13
1a
What is 11100 (base 2) in base 9?
31
330 (base 4) to base 12
50
-43 (base 10) to base 15
-2d
What is 157 (base 8) in base 11?
a1
525 (base 7) to base 13
174
What is -20 (base 12) in base 14?
-1a
What is 301 (base 4) in base 14?
37
What is -5 (base 7) in base 10?
-5
-42 (base 6) to base 16
-1a
Convert 530 (base 7) to base 4.
10022
What is 176 (base 8) in base 6?
330
What is 10111100 (base 2) in base 4?
2330
Convert 3 (base 9) to base 11.
3
-10 (base 11) to base 9
-12
What is 36 (base 7) in base 15?
1c
Convert -11121 (base 4) to base 14.
-1a9
Convert 16d (base 14) to base 5.
2133
Convert 203 (base 6) to base 15.
50
-100 (base 2) to base 4
-10
Convert 4 (base 14) to base 5.
4
What is 0 (base 14) in base 12?
0
Convert 0 (base 15) to base 2.
0
Convert -3 (base 14) to base 2.
-11
Convert 12 (base 9) to base 7.
14
Convert 11 (base 2) to base 6.
3
What is -111011 (base 2) in base 13?
-47
What is -1 (base 15) in base 3?
-1
Convert -198 (base 10) to base 6.
-530
Convert 20 (base 12) to base 8.
30
What is -11001101 (base 2) in base 6?
-541
What is 4 (base 10) in base 16?
4
-3 (base 15) to base 3
-10
-11111 (base 2) to base 11
-29
What is 11 (base 2) in base 16?
3
What is 3 (base 16) in base 6?
3
Convert -10020 (base 4) to base 7.
-525
What is 100 (base 4) in base 7?
22
-2 (base 6) to base 3
-2
Convert -122 (base 6) to base 5.
-200
What is 276 (base 10) in base 13?
183
What is -167 (base 10) in base 8?
-247
What is 1064 (base 7) in base 10?
389
What is 211 (base 7) in base 15?
71
Convert -544 (base 6) to base 10.
-208
100210 (base 3) to base 2
100001000
Convert -1 (base 12) to base 3.
-1
7 (base 14) to base 7
10
What is -65 (base 8) in base 6?
-125
11 (base 3) to base 12
4
Convert -1 (base 15) to base 16.
-1
What is 3 (base 7) in base 5?
3
1001 (base 5) to base 8
176
Convert -7 (base 13) to base 4.
-13
What is 3 (base 13) in base 10?
3
Convert 73 (base 9) to base 11.
60
Convert -12 (base 4) to base 16.
-6
-8a (base 12) to base 4
-1222
Convert 0 (base 15) to base 3.
0
What is 10 (base 8) in base 14?
8
11 (base 15) to base 8
20
Convert 432 (base 6) to base 15.
ae
Convert -201 (base 3) to base 6.
-31
Convert 3 (base 13) to base 9.
3
What is 12 (base 4) in base 2?
110
What is -1 (base 13) in base 2?
-1
Convert -1100101 (base 2) to base 9.
-122
What is 122 (base 5) in base 9?
41
What is 0 (base 15) in base 3?
0
Convert 10 (base 4) to base 16.
4
What is 121 (base 7) in base 13?
4c
-437 (base 8) to base 12
-1bb
What is 3 (base 13) in base 12?
3
23 (base 5) to base 6
21
-4 (base 14) to base 12
-4
74 (base 9) to base 4
1003
Convert 10 (base 4) to base 5.
4
1 (base 6) to base 7
1
Convert 2 (base 11) to base 12.
2
Convert -32 (base 8) to base 7.
-35
What is -5 (base 12) in base 3?
-12
Convert -d (base 16) to base 4.
-31
What is 4 (base 6) in base 4?
10
What is 3 (base 5) in base 11?
3
Convert -12 (base 3) to base 16.
-5
Convert -1 (base 16) to base 13.
-1
What is 3 (base 6) in base 15?
3
What is -31 (base 16) in base 7?
-100
-4 (base 7) to base 15
-4
What is -10101 (base 2) in base 10?
-21
Convert 2 (base 5) to base 11.
2
226 (base 8) to base 4
2112
-11 (base 4) to base 7
-5
34 (base 11) to base 4
211
2 (base 6) to base 13
2
Convert 145 (base 7) to base 12.
6a
-5 (base 14) to base 5
-10
What is -6 (base 12) in base 5?
-11
What is 2 (base 3) in base 9?
2
Convert -4 (base 13) to base 2.
-100
What is 107 (base 10) in base 13?
83
What is -5 (base 7) in base 16?
-5
What is 11 (base 4) in base 3?
12
Convert 8 (base 16) to base 14.
8
What is -6 (base 10) in base 14?
-6
5 (base 11) to base 13
5
What is 11 (base 6) in base 16?
7
Convert -1 (base 3) to base 8.
-1
0 (base 2) to base 3
0
23 (base 16) to base 14
27
What is -1 (base 5) in base 7?
-1
3 (base 13) to base 16
3
0 (base 8) to base 7
0
Convert 124 (base 6) to base 16.
34
-86 (base 10) to base 2
-1010110
Convert -23 (base 7) to base 3.
-122
Convert -7 (base 15) to base 16.
-7
What is 2 (base 4) in base 2?
10
What is -2 (base 11) in base 10?
-2
What is -6 (base 7) in base 13?
-6
123 (base 5) to base 6
102
Convert 2 (base 13) to base 7.
2
-1011011 (base 2) to base 15
-61
-232 (base 7) to base 5
-441
Convert -25 (base 6) to base 15.
-12
-1 (base 9) to base 3
-1
1 (base 8) to base 4
1
What is 0 (base 12) in base 7?
0
2 (base 16) to base 6
2
Convert 1 (base 12) to base 8.
1
What is 0 (base 9) in base 10?
0
Convert 4 (base 12) to base 13.
4
What is 3 (base 7) in base 6?
3
What is -2 (base 12) in base 3?
-2
-100011 (base 3) to base 4
-3313
What is 10010 (base 2) in base 9?
20
-2 (base 3) to base 10
-2
-7 (base 15) to base 8
-7
Convert -12 (base 4) to base 2.
-110
Convert 8 (base 16) to base 2.
1000
Convert -10 (base 14) to base 9.
-15
What is 1 (base 7) in base 6?
1
What is -13d (base 14) in base 9?
-308
Convert 0 (base 2) to base 7.
0
-2 (base 15) to base 5
-2
22201 (base 3) to base 7
454
b (base 12) to base 16
b
What is 2 (base 5) in base 4?
2
1 (base 6) to base 3
1
What is 104 (base 5) in base 15?
1e
What is 5 (base 14) in base 7?
5
What is 30 (base 15) in base 3?
1200
Convert -2f (base 16) to base 2.
-101111
20 (base 8) to base 14
12
What is 5c (base 13) in base 16?
4d
What is -56 (base 8) in base 9?
-51
What is -18 (base 13) in base 9?
-23
What is 0 (base 4) in base 14?
0
-36 (base 8) to base 11
-2